e highest common factor of 3858547 and 77?
77
Calculate the greatest common divisor of 28751 and 17.
1
What is the greatest common factor of 259 and 1513411?
37
Calculate the highest common factor of 2484 and 12015.
27
Calculate the greatest common divisor of 282 and 479306.
94
What is the highest common divisor of 160 and 116680?
40
Calculate the greatest common divisor of 1275904 and 623.
623
What is the greatest common factor of 2872 and 1119003?
359
What is the greatest common divisor of 30 and 115855?
5
What is the greatest common factor of 620369 and 721?
103
What is the greatest common divisor of 3007 and 1953?
31
Calculate the highest common divisor of 124176 and 208.
208
What is the greatest common divisor of 21888 and 81168?
912
What is the highest common divisor of 9303 and 105?
21
What is the greatest common factor of 1644032 and 224?
32
Calculate the highest common factor of 321664 and 2154.
718
Calculate the highest common divisor of 37176 and 1128.
24
What is the greatest common factor of 437987 and 29?
29
Calculate the highest common factor of 8027 and 1127.
23
What is the greatest common divisor of 229581 and 33?
33
Calculate the greatest common factor of 2624 and 697.
41
Calculate the highest common divisor of 80 and 485.
5
What is the highest common factor of 3292452 and 72?
36
Calculate the greatest common factor of 152 and 182837.
19
What is the highest common divisor of 680 and 287980?
340
What is the highest common factor of 9 and 193410?
9
What is the greatest common divisor of 6390 and 85?
5
What is the highest common divisor of 7 and 42697?
1
Calculate the greatest common factor of 103931 and 86.
43
What is the greatest common factor of 453077 and 368?
23
Calculate the highest common divisor of 321003 and 243.
243
What is the greatest common divisor of 2240320 and 160?
160
Calculate the highest common factor of 5056 and 6050768.
1264
What is the highest common factor of 30624 and 5616?
48
Calculate the highest common factor of 670 and 996022.
134
What is the greatest common factor of 1260217 and 574?
287
What is the highest common divisor of 483 and 437?
23
What is the highest common divisor of 35900 and 500?
100
What is the greatest common factor of 529450 and 50?
50
What is the highest common factor of 200 and 192?
8
What is the greatest common divisor of 1248 and 27248?
208
Calculate the highest common divisor of 700 and 70075.
25
Calculate the greatest common divisor of 46732 and 28.
28
Calculate the highest common factor of 87160 and 460.
20
What is the greatest common divisor of 4234989 and 9?
3
Calculate the greatest common factor of 298720 and 256.
32
What is the highest common factor of 16 and 5210?
2
What is the highest common divisor of 2229 and 48?
3
What is the highest common divisor of 19074 and 297330?
1122
What is the greatest common factor of 52910 and 7400?
370
Calculate the greatest common divisor of 988 and 248482.
494
What is the highest common divisor of 5301 and 465?
93
Calculate the highest common factor of 53 and 309467.
53
Calculate the greatest common factor of 130 and 171496.
26
What is the greatest common divisor of 15039 and 12?
3
What is the highest common factor of 96 and 2469?
3
Calculate the greatest common factor of 2390 and 1626395.
1195
What is the highest common factor of 121 and 158147?
121
What is the highest common divisor of 11552 and 64?
32
Calculate the highest common divisor of 75 and 11775.
75
What is the highest common factor of 613760 and 245?
35
What is the highest common divisor of 5004 and 15290?
278
What is the greatest common divisor of 63 and 117387?
9
Calculate the highest common divisor of 634 and 905986.
634
What is the greatest common factor of 25346 and 38?
38
Calculate the highest common divisor of 720 and 376920.
360
What is the greatest common divisor of 2385 and 309255?
795
Calculate the greatest common divisor of 38349 and 3.
3
What is the greatest common factor of 189 and 19872?
27
What is the highest common divisor of 41940 and 34740?
180
What is the highest common factor of 1384 and 96?
8
Calculate the greatest common factor of 260 and 57811.
13
What is the highest common divisor of 151 and 3824981?
151
What is the greatest common factor of 1691 and 2147?
19
Calculate the greatest common factor of 255219 and 482.
241
What is the greatest common divisor of 605 and 203665?
55
What is the highest common factor of 4784 and 14053?
299
Calculate the highest common divisor of 161352 and 664.
664
Calculate the greatest common divisor of 102 and 56559.
51
Calculate the highest common divisor of 1748 and 1948.
4
Calculate the highest common factor of 1119 and 525184.
373
Calculate the greatest common factor of 129 and 49407.
129
Calculate the greatest common factor of 55011 and 297.
33
Calculate the highest common factor of 374 and 12410.
34
Calculate the greatest common factor of 324220 and 645.
215
What is the greatest common divisor of 128404 and 1504?
188
Calculate the highest common divisor of 15 and 12798.
3
Calculate the greatest common divisor of 1615195 and 205.
205
Calculate the greatest common factor of 45 and 6651.
9
What is the greatest common divisor of 189 and 3801?
21
Calculate the greatest common divisor of 37530 and 348.
6
What is the highest common factor of 1860 and 6150?
30
Calculate the greatest common factor of 345 and 72841.
23
Calculate the greatest common divisor of 29713 and 2881.
43
What is the highest common factor of 36 and 432279?
9
What is the greatest common factor of 551 and 5073?
19
Calculate the highest common divisor of 693 and 17523.
99
Calculate the greatest common factor of 159460 and 42.
14
What is the highest common divisor of 334500 and 25500?
1500
Calculate the highest common divisor of 111095 and 10.
5
What is the greatest common divisor of 451 and 10450?
11
What is the greatest common factor of 17131 and 74?
37
Calculate the highest common factor of 11581 and 59783.
313
Calculate the greatest common divisor of 133653 and 3129.
447
What is the highest common divisor of 37835 and 39445?
805
What is the highest common factor of 10829 and 14651?
637
What is the highest common factor of 199202 and 6798?
206
What is the greatest common divisor of 111824 and 1856?
464
Calculate the highest common divisor of 9708 and 948.
12
Calculate the greatest common factor of 3349 and 14381.
197
Calculate the greatest common divisor of 14445 and 1080.
135
What is the highest common factor of 1778 and 470154?
254
What is the greatest common factor of 86382 and 36?
18
Calculate the highest common factor of 100330 and 2794.
254
Calculate the greatest common divisor of 134 and 307798.
134
What is the highest common factor of 3666 and 26508?
282
What is the greatest common factor of 60 and 82770?
30
What is the greatest common factor of 1715 and 5565?
35
What is the highest common factor of 26298 and 486?
54
What is the highest common divisor of 187798 and 5642?
806
Calculate the highest common divisor of 295029 and 27.
27
Calculate the greatest common divisor of 259 and 1663039.
259
What is the greatest common factor of 45 and 666?
9
What is the highest common factor of 18873 and 11650?
233
What is the highest common factor of 1418 and 5895335?
709
What is the greatest common factor of 18906 and 6900?
138
What is the highest common divisor of 828762 and 15312?
1914
What is the highest common factor of 15 and 1261335?
15
Calculate the highest common factor of 60198 and 1905.
381
What is the highest common factor of 234997 and 4130?
413
What is the highest common factor of 18 and 538956?
18
Calculate the greatest common factor of 585 and 34099.
13
What is the highest common divisor of 608 and 464?
16
Calculate the greatest common factor of 47118 and 6.
6
Calculate the greatest common divisor of 596 and 4326066.
298
Calculate the greatest common factor of 1895 and 228916.
379
What is the highest common divisor of 121 and 104929?
11
What is the greatest common factor of 2932 and 124?
4
What is the greatest common divisor of 51495 and 2235?
15
What is the greatest common divisor of 3670 and 230?
10
Calculate the highest common factor of 1366219 and 609.
29
What is the greatest common divisor of 57671 and 23411?
571
What is the highest commo